0. Let z be (0 - -100)*(-7 + k/40). What is the greatest common divisor of 50 and z?
10
Let g be 2 + 2 + 2 + -2. Suppose -3 = g*s - 23. Suppose 0 = -4*b - 5*m + 45, 3*m = -61 + 52. What is the highest common divisor of s and b?
5
Suppose 6*h + 13 = 1. Let c be (-2 + (-4)/(-8))*h. Let t be (-7)/(c + -4) + 3. What is the highest common divisor of t and 10?
10
Let o be 104/8 + -16 - 1*-29. What is the greatest common factor of 52 and o?
26
Let k be ((-15)/(-9))/((-60)/(-72)). What is the greatest common factor of k and 68?
2
Let b(o) = -o**2 + 9*o + 1. Let h be b(8). Let l be h/(-3)*(-2)/6. Suppose 0 = f - l - 8. What is the highest common divisor of f and 1?
1
Suppose -14*n + 1492 = 64. Calculate the greatest common factor of 2091 and n.
51
Let s = 15 - 30. Let v(h) = -h - 1. Let k be v(s). What is the highest common divisor of k and 21?
7
Let j be (-6)/(-6) - 2*-5. Suppose 126*f - 140*f = -14. What is the greatest common divisor of f and j?
1
Suppose -5*f - 5*v + 149 = -21, -2*f = 4*v - 64. Suppose -2*j + 28 = -8. What is the greatest common divisor of j and f?
18
Let g(m) be the third derivative of 1/5*m**5 - 1/24*m**4 + 2*m**2 + 0 + 1/3*m**3 + 0*m. Let b be g(2). Calculate the highest common divisor of b and 72.
24
Let y be 675/1080 + 87638/16. Calculate the greatest common divisor of 11 and y.
11
Let i = 682 + -680. Suppose 0 = -4*w - 4, 0 = 2*s + 4*w + w - 1. Calculate the highest common divisor of i and s.
1
Let o = 164 + -154. Suppose -5*c + 8 = -3*c. What is the highest common factor of c and o?
2
Let t = 183 - 83. Suppose t = 4*i - 540. What is the greatest common divisor of i and 32?
32
Suppose 780 = -k + 840. Calculate the highest common divisor of 75 and k.
15
Let b(z) = 3*z + 25. Let x be b(-9). Let j be ((-15)/x)/(1/16). What is the greatest common divisor of j and 40?
40
Let i(y) = 18*y**3 + y**2 - 2*y + 1. Let v be i(1). Suppose 5*h - v = 32. What is the greatest common divisor of 5 and h?
5
Let p = 60 + -203. Let n = -31 - p. Let b(f) = f**3 - 10*f**2 + f + 4. Let c be b(10). What is the highest common factor of c and n?
14
Let s = -1 + 13. Let r(y) = 8*y - 8. Let t be r(2). Calculate the greatest common divisor of t and s.
4
Let w = -228 + 233. Let i(f) = f**2 - 4. Let q = 5 - 8. Let x be i(q). Calculate the highest common factor of w and x.
5
Let s(i) = 8*i**2 - 103*i - 32. Let y be s(16). What is the highest common factor of 23 and y?
23
Let n(l) = 4*l + 30. Let f be n(-7). Suppose -4*h = -4*i - 0*h + 712, h = -f. Calculate the highest common factor of 22 and i.
22
Let s = -156 + 403. What is the highest common divisor of s and 26?
13
Let l(t) = 8*t + 9*t + 16*t**2 - 2*t**2 - 2*t**3 + 3*t**3 - 12. Let a be l(-12). Calculate the greatest common factor of a and 9.
9
Let c be 10/20 - 54/(-4). Calculate the highest common divisor of c and 50.
2
Let q(o) = 2*o**3 + 22*o**2 - o - 9. Let g be q(-11). What is the greatest common divisor of g and 10?
2
Suppose 42*v - 4034 = 2434. What is the greatest common factor of v and 28?
14
Suppose 2*a - 18 = 62. Let y(l) = l + 23. Let p be y(-7). What is the highest common divisor of p and a?
8
Let f be 8*(-52)/16*2. Let d = -28 - f. Suppose -4*c + 360 + d = 0. Calculate the greatest common divisor of 16 and c.
16
Let x be (10 - 20 - -11)*17. What is the highest common factor of 340 and x?
17
Suppose -80*g + 93*g - 6825 = 0. Calculate the highest common divisor of 63 and g.
21
Suppose 59 = 4*f - 249. Let n = f + -65. What is the greatest common divisor of n and 16?
4
Let c(w) = 3*w - 38. Let m be c(15). Calculate the highest common factor of m and 28.
7
Let j be (-18 - 3)*(-10)/14. What is the greatest common divisor of j and 1695?
15
Let w be (-629)/(-221) + 2/13 - -61. Let j = 16 + 0. What is the greatest common factor of j and w?
16
Let d be 30 - (-18)/6 - -3. Calculate the greatest common divisor of 144 and d.
36
Suppose 4*o - 33 = o. Suppose -4*p + 4*i - 24 = 0, 3*p + 5 + 9 = 2*i. Let z be 1/((8/(-44))/p). Calculate the highest common divisor of o and z.
11
Let g(s) = -40*s - 314. Let f be g(-17). Calculate the highest common factor of f and 6.
6
Let k(d) = -51*d + 1. Let j be k(-1). Suppose -3*a - 12 = 0, -46 = -4*l - 2*a - 22. What is the highest common divisor of l and j?
4
Suppose 3*w = w + 8. Let t be 18/(-21)*(-5 + 6)*-42. What is the highest common divisor of t and w?
4
Suppose 475 = 3*u + 5*n, -7*u - 3*n = -3*u - 648. Calculate the greatest common factor of 33 and u.
33
Let s be 2*(-3 + 2)*-2. Suppose 2*z - 15 = -2*v - 9, -5*z + 3*v = -55. What is the highest common divisor of z and s?
4
Let p(o) = -o**2 + 4*o. Let k be p(3). Suppose -420 = -f - 399. Calculate the greatest common divisor of k and f.
3
Suppose -7*f = -3*f - 44. Let z = -1 + 0. Let k be (-28)/z*(f - 9). What is the greatest common factor of 8 and k?
8
Suppose 0 = 2*f + f - 90. Let l be (1/(-4))/(2151/216 - 10). Calculate the highest common divisor of l and f.
6
Let a(l) = -l**3 + 13*l**2 - 6*l + 2. Let d be a(9). Let g = 1614 + -1598. What is the highest common divisor of g and d?
16
Suppose 3*w = -0 + 39. Suppose 0 = -4*u + 7 + w. Suppose 2*q = -3*t + 37 + 8, -q + 4*t = u. Calculate the greatest common factor of 105 and q.
15
Let y be (27/3)/((-41)/(-1927)). What is the greatest common divisor of y and 47?
47
Let r be ((5 - -1)/6)/(1/129). Let n = 148 - r. What is the greatest common divisor of n and 171?
19
Let w(k) = k**3 - 13*k**2 - 12*k + 36. Let t be w(17). Calculate the highest common divisor of t and 76.
76
Let q be (32/(-6))/(6/(-9)). Let m be (52/q)/((-2)/4). Let w = 16 + m. Calculate the highest common divisor of w and 12.
3
Suppose -j + 1602 = -7*j. Let o be (-4)/(-12) + j/(-9). What is the greatest common divisor of 90 and o?
30
Let p be (-1 + (-93)/15)*(-100)/15. What is the greatest common divisor of p and 40?
8
Let z = -77 + 137. Suppose -r + z = t, t - r = 16 + 52. Suppose -3*j + 4*j - 160 = 0. Calculate the highest common factor of j and t.
32
Let u(k) = 4*k**2 + 2*k - 2. Let v be u(2). Let l be 5*(-6)/30*6*-1. What is the highest common divisor of v and l?
6
Let m be 1 + 30 + 24/(-6). Calculate the greatest common divisor of m and 2.
1
Let d(c) = 39*c + 94. Let o be d(-2). Let f be (-5 - -1)/((-2)/56). What is the highest common factor of f and o?
16
Let g = -22 - 29. Let q = g + 66. What is the greatest common factor of q and 5?
5
Suppose 3*q = 5*q - 48. Let d = -9 + q. Suppose 5 = 2*o - d. What is the greatest common divisor of 60 and o?
10
Suppose 491*t - 140 = 484*t. Calculate the highest common factor of 60 and t.
20
Suppose -44 = -8*y + 28. What is the greatest common divisor of y and 261?
9
Suppose 0 = 2*m - 2*q + 10, 6 + 5 = -2*m + 3*q. Let b be -35*(m - 11/(-5)). What is the highest common divisor of b and 9?
9
Let j = -83 - -123. What is the highest common divisor of j and 130?
10
Let z be (2*(-1)/4)/((-170)/16320). Calculate the highest common divisor of 384 and z.
48
Let s be -6 - 7/14*-16. Calculate the greatest common factor of 58 and s.
2
Let s(w) = -w**3 - 8*w**2 + 5*w + 3. Let i be s(-8). Let v = i + 53. What is the greatest common factor of 144 and v?
16
Suppose 0 = q - 3*f - 357, 3*q - 10*f = -12*f + 1126. Calculate the highest common divisor of 36 and q.
12
Suppose o = 3*t - 0*o - 34, -2*t + 51 = 5*o. Let l be ((-4)/(-6))/(11/66). Let x be (-12)/l*t/(-3). What is the highest common factor of x and 143?
13
Suppose -44 = -4*v - p + 101, -4*v - 2*p + 150 = 0. Calculate the greatest common factor of v and 63.
7
Let r(z) = z**3 - 10*z**2 + 20*z + 20. Let d be r(10). Calculate the highest common divisor of 20 and d.
20
Let w(m) = m**3 + 4*m**2. Let b be w(-4). Suppose 0 = -b*u + 4*u - 8. What is the highest common divisor of 14 and u?
2
Suppose -5*j + j = -580. Let t = 69 - 11. What is the greatest common factor of t and j?
29
Let p be (15/10 + -3)*6. Let u = 12 - p. Suppose 315 = -0*o + 5*o. What is the highest common factor of o and u?
21
Let l(d) = -d**2 + 17*d - 9. Let g(t) = -t**2 + 17*t - 10. Let w(k) = 4*g(k) - 3*l(k). Let y be w(15). Calculate the greatest common divisor of y and 119.
17
Suppose -4*y = -2*s - 3*s + 20, 2*s + 5*y = -25. Suppose -16*f + 11*f + 90 = s. What is the highest common factor of f and 126?
18
Let v = -106 - -115. Let z = v + 8. What is the highest 